) to base 9.
1853
55 (base 12) to base 13
50
402405 (base 7) to base 14
1ab75
Convert -2a94 (base 16) to base 13.
-4c66
-316 (base 15) to base 10
-696
Convert -100022210 (base 3) to base 6.
-51250
What is 679 (base 14) in base 15?
5a8
-209 (base 11) to base 10
-251
What is -57d (base 16) in base 15?
-63a
What is -3873 (base 9) in base 7?
-11313
-2500 (base 13) to base 3
-21012001
Convert 1650 (base 11) to base 9.
2806
What is -1000010121 (base 3) in base 11?
-13952
What is 29a5 (base 12) in base 2?
1001100001101
119b (base 14) to base 3
11012222
Convert c0ec (base 16) to base 3.
2111202012
a66 (base 14) to base 15
91a
57c6 (base 14) to base 8
35642
1010 (base 7) to base 3
110222
What is -bc5 (base 15) in base 6?
-20152
-d44 (base 16) to base 9
-4583
Convert -13402 (base 5) to base 3.
-1111211
What is -1001 (base 3) in base 13?
-22
-22342 (base 5) to base 13
-95b
Convert 8457 (base 13) to base 12.
a730
-1682 (base 12) to base 6
-20242
Convert -2a92 (base 16) to base 11.
-8208
1078 (base 13) to base 5
33141
1000200201 (base 3) to base 2
100111011011100
180 (base 13) to base 6
1133
Convert 101001000 (base 2) to base 4.
11020
Convert -8075 (base 11) to base 6.
-121402
What is -26740 (base 10) in base 16?
-6874
What is -4b0b (base 16) in base 8?
-45413
Convert -651 (base 16) to base 5.
-22432
637 (base 9) to base 16
208
100000110000110 (base 2) to base 14
6182
What is 1120230 (base 4) in base 2?
1011000101100
-2323 (base 6) to base 4
-20223
2123 (base 7) to base 14
3ba
What is -1147 (base 8) in base 10?
-615
2330 (base 5) to base 6
1324
-323666 (base 7) to base 15
-11b7e
-1200322 (base 4) to base 11
-4729
1a2 (base 11) to base 6
1025
What is -1c40 (base 14) in base 13?
-2464
10d6 (base 16) to base 14
17dc
Convert 33435 (base 6) to base 8.
11137
-720 (base 10) to base 7
-2046
What is 653 (base 11) in base 5?
11114
-48208 (base 11) to base 4
-100331112
What is 1432241 (base 5) in base 3?
1112121000
-174 (base 13) to base 6
-1120
ca5 (base 14) to base 12
1541
Convert 340 (base 16) to base 7.
2266
What is bc (base 16) in base 5?
1223
Convert -100000001 (base 3) to base 12.
-396a
Convert 2274a (base 11) to base 2.
1000000001001101
Convert 76035 (base 8) to base 6.
403033
What is -2202222 (base 3) in base 4?
-133220
Convert -14226 (base 8) to base 12.
-3786
What is -b78 (base 13) in base 5?
-30313
-185 (base 12) to base 8
-365
What is -380 (base 11) in base 2?
-111000011
113a (base 11) to base 5
21440
What is -8751 (base 12) in base 5?
-434033
What is 1404 (base 12) in base 10?
2308
-120022 (base 3) to base 6
-1525
97 (base 15) to base 14
a2
5125 (base 7) to base 6
12131
What is -152 (base 9) in base 5?
-1003
What is -2334234 (base 5) in base 16?
-a83d
Convert 362 (base 7) to base 9.
232
Convert 1916 (base 10) to base 5.
30131
296 (base 16) to base 14
354
What is 111332 (base 5) in base 3?
12102221
What is 121120002 (base 3) in base 5?
341241
Convert 54452 (base 8) to base 11.
16171
Convert 22a (base 15) to base 16.
1ea
Convert 3322223 (base 5) to base 13.
20412
What is 22c3 (base 14) in base 7?
23433
Convert -42d9 (base 14) to base 6.
-125303
Convert -3532 (base 8) to base 12.
-110a
Convert -1383 (base 12) to base 13.
-104a
Convert -23c (base 14) to base 7.
-1205
2341 (base 5) to base 14
1aa
What is -120 (base 12) in base 16?
-a8
What is -1292 (base 11) in base 14?
-878
Convert -101000111100 (base 2) to base 7.
-10432
112001 (base 3) to base 7
1051
-18152 (base 9) to base 11
-9453
322 (base 9) to base 4
10013
-18ea (base 15) to base 6
-40551
Convert -275 (base 11) to base 15.
-169
Convert -456 (base 9) to base 13.
-22b
What is 2373 (base 14) in base 11?
4706
Convert -29361 (base 11) to base 5.
-2313231
What is -101100 (base 4) in base 2?
-10001010000
-10001100100100 (base 2) to base 7
-35141
What is -2e2 (base 15) in base 13?
-3bc
What is 31124 (base 6) in base 7?
15055
What is -302 (base 6) in base 7?
-215
-41440 (base 6) to base 14
-205a
What is -202210 (base 4) in base 7?
-6310
What is -3380 (base 14) in base 13?
-40b1
Convert -143444 (base 5) to base 10.
-6124
Convert -1651 (base 12) to base 6.
-20141
What is 185 (base 10) in base 3?
20212
Convert 80a (base 11) to base 2.
1111010010
Convert -44240 (base 7) to base 9.
-16205
Convert 191 (base 16) to base 14.
209
-662 (base 9) to base 8
-1036
Convert 15081 (base 11) to base 16.
5389
What is 6281 (base 10) in base 8?
14211
What is -12120213 (base 4) in base 16?
-6627
1435 (base 11) to base 5
24403
-30592 (base 10) to base 2
-111011110000000
Convert -5aaa (base 12) to base 5.
-311320
What is -1566 (base 8) in base 5?
-12021
Convert -166301 (base 7) to base 8.
-101213
What is 6382 (base 15) in base 16?
5237
Convert 2808 (base 9) to base 11.
1652
Convert 20de (base 15) to base 9.
10482
340 (base 12) to base 5
3410
-136624 (base 7) to base 4
-12130030
1101010010101 (base 2) to base 9
10301
What is -23040 (base 5) in base 4?
-121231
131123 (base 4) to base 3
2120202
What is 23211 (base 4) in base 3?
1000110
What is -10000101 (base 2) in base 15?
-8d
Convert -74d2 (base 16) to base 13.
-107c6
Convert -201011 (base 3) to base 6.
-2221
What is 427 (base 10) in base 3?
120211
What is -4580 (base 13) in base 14?
-3797
Convert 120010 (base 3) to base 15.
1c3
-30a (base 12) to base 9
-541
Convert -443544 (base 6) to base 7.
-213202
What is 384 (base 11) in base 12?
31b
1001111101110010 (base 2) to base 8
117562
Convert -1d87 (base 14) to base 5.
-133121
2093 (base 12) to base 5
103232
What is 204113 (base 5) in base 2?
1101001111111
Convert 101011111100010 (base 2) to base 8.
53742
What is -2a0 (base 14) in base 11?
-444
30337 (base 9) to base 11
13aa6
-10046 (base 7) to base 16
-983
Convert -30213 (base 4) to base 16.
-327
Convert 28654 (base 10) to base 5.
1404104
488 (base 14) to base 3
1020111
What is 1b488 (base 12) in base 8?
116750
14965 (base 12) to base 16
715d
What is -175 (base 12) in base 11?
-1a2
b14 (base 12) to base 5
22400
Convert 308 (base 11) to base 13.
227
What is 425 (base 11) in base 14?
287
Convert -2022 (base 5) to base 8.
-406
What is -111101011000 (base 2) in base 12?
-2334
Convert 2030 (base 7) to base 12.
4ab
Convert 110000000010010 (base 2) to base 4.
12000102
-13d (base 14) to base 10
-251
10327 (base 9) to base 6
51341
Convert 14370 (base 9) to base 10.
9783
15543 (base 6) to base 10
2583
-3778 (base 10) to base 2
-111011000010
Convert -34 (base 8) to base 6.
-44
-2212011 (base 3) to base 14
-a8b
Convert -3012 (base 5) to base 3.
-112011
Convert 1010000011 (base 2) to base 5.
10033
-11673 (base 8) to base 15
-176b
What is 5ad (base 14) in base 11?
940
-429b (base 14) to base 15
-3620
What is -26a4 (base 13) in base 7?
-22105
Convert -15a8 (base 12) to base 11.
-1a32
What is 16157 (base 9) in base 7?
44161
Convert 94a9 (base 13) to base 3.
1001020112
1548 (base 10) to base 9
2110
Convert 112 (base 8) to base 5.
244
Convert 121a3 (base 11) to base 9.
26045
Convert 3728 (base 9) to base 16.
adc
Convert 397 (base 13) to base 5.
10011
-20121102 (base 3) to base 7
-20021
Convert -3131 (base 7) to base 3.
-1111202
-132227 (base 8) to base 14
-12bc3
Convert 46aa (base 12) to base 4.
1323202
What is -1214 (base 6) in base 16?
-12a
Convert -32101 (base 4) to base 7.
-2443
What is 211320 (base 4) in base 11?
1904
-331100 (base 4) to base 8
-7520
Convert 15664 (base 8) to base 2.
1101110110100
Convert 11016 (base 7) to base 5.
42012
What is -121000110 (base 3) in base 6?
-130020
-14600 (base 8) to base 5
-202103
Convert -1b8a (base 12) to base 9.
-4617
500 (base 10) to base 7
1313
What is -115008 (base 9) in base 12?
-340bb
What is 355112 (base 6) in base 13?
11105
What is -303312 (base 4) in base 5?
-101233
What is 474 (base 12) in base 15?
2e4
-19b2 (base 12) to base 3
-11022222
What is -32224 (base 5) in base 7?
-6245
What is 160 (base 10) in base 15?
aa
Convert 177564 (base 8) to base 12.
31a18
Convert 143303 (base 7) to base 8.
65706
-13ee (base 15) to base 7
-15314
What is 1420014 (base 6) in base 4?
103213222
Convert -11011100 (base 2) to base 8.
-334
What is -103126 (base 7) in base 15?
-548a
4cb (base 14) to base 8
1703
Convert -6c8 (base 15) to base 7.
-4325
Convert -a6 (base 13) to base 16.
-88
1202 (base 8) to base 12
456
What is 34443 (base 5) in base 11?
1971
Convert -2233 (ba